 = 4*y. Calculate the highest common factor of 2204 and y.
58
Suppose 0 = -93*j + 188*j - 60800. What is the greatest common divisor of j and 70?
10
Suppose 18*f = 89 + 37. Suppose -25 = -5*q, -f*k - q + 275 = -4*k. What is the greatest common factor of 70 and k?
10
Let a(v) = v - 61. Let m be a(36). Let z be 67 - (31 + m - (-2 - -5)). Suppose 0 = -3*c + 395 + 85. Calculate the greatest common factor of z and c.
32
Let b(j) = j**2 - 4*j + 2. Let w be b(4). Suppose 10*z - 228 = -9*z. Suppose 0 = -a + w*a - z. Calculate the greatest common divisor of a and 36.
12
Let w(l) = -2*l - 34. Let p be (-47)/3 + (-2)/6 + 0. Let h be w(p). Let q be 40 + -26 + (-2)/(h + 0). Calculate the highest common divisor of q and 3.
3
Let y = 227 - -106. Let l = -279 + y. Calculate the highest common divisor of l and 27.
27
Suppose 4*g - 9*t + 8*t = 972, -3*g + 2*t + 734 = 0. Calculate the greatest common divisor of g and 462.
22
Let x(r) = 5*r**3 + 4*r**2 - 5*r + 35. Let w be x(5). Calculate the greatest common divisor of 168 and w.
21
Let s be (-3 - (-76)/20)*-35. Let h = 41 + s. Let w be (-14)/(-56) - (-726)/8. Calculate the highest common divisor of w and h.
13
Let z(w) = w**3 + 24*w**2 - 122*w + 699. Let k be z(-29). Let o(q) = 2*q + 14. Let g be o(11). What is the highest common divisor of k and g?
4
Suppose 11*r = 560 + 23. Suppose 0 = 4*z - 5*k - 59, 7*z = 4*z - 5*k + r. Calculate the highest common factor of z and 32.
16
Let b be (-7 - (-11)/4)/(2/(-8)). Suppose -g - r = -12, -g - r - r = -b. Let o be (-3 + g)/(-2)*9/(-6). What is the greatest common divisor of 42 and o?
3
Suppose 3*u + b - 295 + 154 = 0, -3*b + 188 = 4*u. What is the highest common factor of u and 376?
47
Suppose 4675 = -m + 3*m - 7*i, -11746 = -5*m - 2*i. Calculate the highest common divisor of 44 and m.
4
Suppose -107*p + 111*p - 108 = -3*l, -3*p - 123 = -2*l. Let m be (-4)/(-2) + -10 + 0. Let n be 146/9 + m/36. Calculate the highest common divisor of l and n.
16
Suppose 7*m - 3*m - 204 = 0. Let z be ((-54)/150*-5)/(2/170). What is the highest common factor of z and m?
51
Let p be (-3)/(((-4)/68)/1). Let x = p - 49. Suppose -4*k = -x*k - 5*a - 860, 3*k = -3*a + 1290. Calculate the greatest common divisor of k and 43.
43
Let u = 1973 - 1946. What is the greatest common divisor of 3006 and u?
9
Suppose 3*k + 745 - 4996 = 0. Let n be (-26)/(-3)*30*20/400. What is the highest common factor of n and k?
13
Let o be 2*29 - 2/(-1). Let z = 181068 - 180428. Calculate the greatest common divisor of z and o.
20
Let y = -137 - -140. Suppose -4*h - 135 = -p, 135 = -3*p + 4*p - y*h. What is the greatest common factor of p and 27?
27
Suppose 2*j = 5*t - 17, 32*t - 35*t - 6*j + 3 = 0. Calculate the highest common divisor of t and 7035.
3
Let l = 1396 + -1070. Calculate the greatest common divisor of l and 163.
163
Suppose q = -2*g + 19, 58 = 4*g - 151*q + 149*q. What is the greatest common factor of g and 1772?
4
Let a be (-2)/(4/(-2)) + 168 + -16. Let g = a + -146. Calculate the highest common divisor of 56 and g.
7
Let v be 7/(129/42 + -3). Suppose 5*i - 397 - v = 0. Let j be 2080/182 + 6/(-14). What is the greatest common factor of j and i?
11
Let h(o) = -248*o - 836. Let p be h(-4). Calculate the greatest common divisor of p and 888.
12
Let m(y) = 178*y + 4. Let g be m(1). Let n = -372 + g. Let p be n/(-6) - (-4)/6*-1. What is the highest common divisor of 31 and p?
31
Let l be (-328)/(-12)*21/(-7). Let n = 75 + l. Let h be (9/(-1))/(39/26)*n. Calculate the greatest common factor of h and 28.
14
Let l be ((-1188)/990)/((-3)/820). What is the greatest common factor of l and 56744?
328
Suppose -648*k + 656*k = -24. Let s(g) = 14*g**2 - 43*g - 133. Let n be s(k). Calculate the highest common divisor of 183 and n.
61
Suppose -7*q + 258 = -631. Let l = q - 126. What is the highest common divisor of 5 and l?
1
Let l(i) = 5*i**2 - 15*i - 104. Let x be l(-5). Suppose -5*m + 285 = -21*h + 26*h, 2*h - 4*m - x = 0. Calculate the greatest common divisor of 594 and h.
54
Let b(s) be the second derivative of -s**4/12 - 4*s**3/3 + 35*s**2 - 52*s. Let t be b(-12). Calculate the greatest common divisor of 946 and t.
22
Let b(n) = n**3 - 7*n**2 + 6*n + 12. Let s be b(6). Suppose -23*t = -3688 - 2660. What is the highest common factor of s and t?
12
Suppose 0 = 96*c - 101*c - 27680. Let p be (-4)/14*-1 + c/(-28). What is the greatest common divisor of 66 and p?
66
Suppose -3*o + 4*o = 3*p - 2, 3*o - 14 = -p. Suppose 3*d + 5*m - 817 = 1318, -5*m - 2870 = -o*d. Calculate the highest common factor of d and 65.
65
Let x(z) = z**3 + 25*z**2 - 7*z + 6. Let v be x(-16). Suppose -680 = -6*w + v. Calculate the greatest common factor of w and 47.
47
Suppose -m - 17*m = -12556 + 12376. Calculate the greatest common factor of m and 2690.
10
Let x = 15 - 2. Let q(k) = -2*k + 2. Let c be q(-16). Suppose i = -x + c. What is the greatest common divisor of i and 35?
7
Suppose 19*f = 28*f - 250965. Let m be f/105 - ((-4)/(-7) - 1). What is the highest common factor of 114 and m?
38
Suppose 54*t + 6440 = 59*t - 4*g, 3*g = -t + 1288. What is the highest common factor of t and 392?
56
Suppose -303*n + 367*n = 1344. Calculate the highest common divisor of n and 3346.
7
Suppose 4*b = -4*r - 19 - 253, 4*r + 128 = -2*b. Let q be (b/(-40))/((-1)/(-10)). Calculate the highest common factor of q and 576.
18
Let f be (0 + -39)*(1 + -2). Suppose 61*u - 6669 = 22*u - 18*u. What is the greatest common factor of f and u?
39
Let n be 1650/135 - 2/9. Suppose 11*k = 5*k + n. Suppose -a - 29 = -2*a + 5*z, k*a - 46 = -2*z. Calculate the greatest common factor of a and 120.
24
Suppose 4*i + 4*f + 24 = 0, -2*i - 4*f + 7 - 19 = 0. Let b be 50/(60/i) + 301*1. What is the highest common divisor of b and 16?
8
Suppose -82*f + 2186 - 254 = -75*f. What is the highest common factor of f and 624?
12
Let p = -1517 + 2149. What is the greatest common divisor of p and 2054?
158
Let h be 1 - -76 - -2 - 4. Suppose 0 = -2*r + 3*c + 265, 170 - 695 = -4*r + 5*c. What is the highest common divisor of h and r?
25
Let y be (194/776)/((-2)/(-40)). What is the highest common divisor of 12 and y?
1
Suppose -26*a + 3073 = -3505. Calculate the greatest common divisor of 704 and a.
11
Let o = -1241 - -8821. Calculate the highest common factor of o and 20.
20
Let o(c) be the first derivative of -3*c**4/4 - 17*c**3/3 - 11*c**2/2 + 4*c + 67. Let g be o(-5). What is the greatest common divisor of 81 and g?
9
Suppose -2*i + j - 2 = 5*j, 3*i = -2*j + 5. Let q = -381 - -385. Suppose 4*h + 4*a - 16 = 0, 2*a - 3 = h - q. What is the highest common divisor of i and h?
3
Let u be 0/(-2) + (533 - -2). Let m be ((-3 - (-39)/12) + (-9)/(-12))/(510/54570). Calculate the greatest common divisor of m and u.
107
Let w(r) = -11*r + 1. Let d(h) = 11 - 1 - 2*h + 3. Let l be d(7). Let p be w(l). Calculate the highest common factor of 18 and p.
6
Suppose g - 412 = -4*u, -4*g + 0*u + 3*u = -1572. What is the highest common factor of g and 2574?
198
Suppose 56 = -q + 59. Suppose a - 22 = -3*l + 11, 0 = -q*l - 3. Calculate the greatest common divisor of 288 and a.
36
Let n be -2 + 30 + (-1 - 0). Let t be -3*(-10)/(-6)*(1 + 3). Let y(d) = -4*d - 26. Let v be y(t). What is the greatest common divisor of v and n?
27
Suppose 5*g = 10, -5*g = -2*m - 0*g + 140. Suppose 0 = -2*f, 4*y + 3*f = 63 - 3. Calculate the greatest common factor of y and m.
15
Let k(n) = -n**3 - 2*n - 1. Let a(w) = 4*w**3 + 7*w**2 + 31*w + 8. Let r(g) = a(g) + 5*k(g). Let p be r(9). Calculate the highest common factor of p and 120.
30
Let c be 2/(580/(-588) + 1). Let a(u) = 2*u**2 + 28*u + 138. Let g be a(-8). What is the highest common divisor of g and c?
21
Suppose -84 = 4*x - 92. Let u(g) = -7*g + 1 - 8*g + 114*g**x + 15*g. Let l be u(-1). Calculate the greatest common factor of 46 and l.
23
Let g(m) = m**3 + 5*m**2 - 4*m - 5. Let k be (-2 - (-1 - 2))*(-2 + -2). Let o be g(k). Suppose o*f = 29*f - 4. Calculate the highest common divisor of 8 and f.
2
Suppose 60606 = -2*a + 8*a. Suppose -4*g + 919 = -a. Let c be g/25 - (-2)/(-10). Calculate the highest common factor of c and 10.
10
Let a = -4 - -9. Suppose a*n = 17 + 8. Suppose 136 = n*q - 69. Calculate the highest common factor of q and 123.
41
Suppose -22 = -2*v + 178. Let o = -44 +